e factors of 13417.
13417
List the prime factors of 3828.
2, 3, 11, 29
What are the prime factors of 36461?
19, 101
What are the prime factors of 547?
547
What are the prime factors of 25271?
37, 683
What are the prime factors of 1139?
17, 67
What are the prime factors of 12974?
2, 13, 499
What are the prime factors of 1480?
2, 5, 37
What are the prime factors of 119506?
2, 59753
What are the prime factors of 9645?
3, 5, 643
What are the prime factors of 858?
2, 3, 11, 13
What are the prime factors of 1305?
3, 5, 29
List the prime factors of 4877.
4877
List the prime factors of 1457.
31, 47
List the prime factors of 20018.
2, 10009
List the prime factors of 28015.
5, 13, 431
What are the prime factors of 58613?
58613
What are the prime factors of 1012?
2, 11, 23
What are the prime factors of 8349?
3, 11, 23
What are the prime factors of 14618?
2, 7309
What are the prime factors of 19097?
13, 113
List the prime factors of 1440.
2, 3, 5
What are the prime factors of 1586?
2, 13, 61
List the prime factors of 835.
5, 167
List the prime factors of 59767.
59, 1013
What are the prime factors of 83588?
2, 20897
List the prime factors of 6997.
6997
What are the prime factors of 7213?
7213
What are the prime factors of 877?
877
List the prime factors of 16136.
2, 2017
List the prime factors of 387.
3, 43
What are the prime factors of 205?
5, 41
List the prime factors of 12009.
3, 4003
What are the prime factors of 29144?
2, 3643
What are the prime factors of 65274?
2, 3, 11, 23, 43
List the prime factors of 2228.
2, 557
List the prime factors of 3940.
2, 5, 197
What are the prime factors of 1103?
1103
List the prime factors of 421.
421
What are the prime factors of 1087?
1087
What are the prime factors of 3606?
2, 3, 601
What are the prime factors of 2366?
2, 7, 13
What are the prime factors of 53456?
2, 13, 257
What are the prime factors of 6633?
3, 11, 67
List the prime factors of 14720.
2, 5, 23
What are the prime factors of 5009?
5009
What are the prime factors of 1443?
3, 13, 37
List the prime factors of 30378.
2, 3, 61, 83
List the prime factors of 1978.
2, 23, 43
List the prime factors of 13871.
11, 13, 97
What are the prime factors of 16736?
2, 523
What are the prime factors of 692?
2, 173
What are the prime factors of 50085?
3, 5, 7, 53
What are the prime factors of 109044?
2, 3, 13, 233
What are the prime factors of 1778?
2, 7, 127
List the prime factors of 460.
2, 5, 23
List the prime factors of 85818.
2, 3, 14303
What are the prime factors of 29253?
3, 7, 199
What are the prime factors of 4387?
41, 107
List the prime factors of 756.
2, 3, 7
What are the prime factors of 22389?
3, 17, 439
List the prime factors of 5662.
2, 19, 149
What are the prime factors of 56443?
56443
List the prime factors of 2194.
2, 1097
What are the prime factors of 2241?
3, 83
What are the prime factors of 132?
2, 3, 11
What are the prime factors of 229?
229
What are the prime factors of 1993?
1993
List the prime factors of 2525.
5, 101
List the prime factors of 168320.
2, 5, 263
List the prime factors of 240.
2, 3, 5
What are the prime factors of 50761?
23, 2207
List the prime factors of 841.
29
List the prime factors of 61028.
2, 11, 19, 73
What are the prime factors of 2846?
2, 1423
What are the prime factors of 1620?
2, 3, 5
List the prime factors of 14003.
11, 19, 67
List the prime factors of 542.
2, 271
What are the prime factors of 7388?
2, 1847
List the prime factors of 1733.
1733
What are the prime factors of 3740?
2, 5, 11, 17
List the prime factors of 8951.
8951
What are the prime factors of 240?
2, 3, 5
What are the prime factors of 1384?
2, 173
List the prime factors of 73223.
37, 1979
What are the prime factors of 14219?
59, 241
List the prime factors of 2184.
2, 3, 7, 13
What are the prime factors of 7954?
2, 41, 97
List the prime factors of 48986.
2, 7, 3499
List the prime factors of 3596.
2, 29, 31
List the prime factors of 76474.
2, 38237
List the prime factors of 711.
3, 79
What are the prime factors of 3782?
2, 31, 61
List the prime factors of 29028.
2, 3, 41, 59
List the prime factors of 6.
2, 3
What are the prime factors of 11051?
43, 257
List the prime factors of 17945.
5, 37, 97
What are the prime factors of 567?
3, 7
List the prime factors of 9419.
9419
List the prime factors of 36897.
3, 7, 251
List the prime factors of 3174.
2, 3, 23
List the prime factors of 4001.
4001
What are the prime factors of 2430?
2, 3, 5
What are the prime factors of 83864?
2, 11, 953
What are the prime factors of 10737?
3, 1193
List the prime factors of 22285.
5, 4457
List the prime factors of 20770.
2, 5, 31, 67
List the prime factors of 9860.
2, 5, 17, 29
List the prime factors of 3936.
2, 3, 41
What are the prime factors of 28822?
2, 14411
What are the prime factors of 2432?
2, 19
List the prime factors of 8034.
2, 3, 13, 103
List the prime factors of 199.
199
List the prime factors of 173.
173
What are the prime factors of 3098?
2, 1549
List the prime factors of 5726.
2, 7, 409
What are the prime factors of 1893?
3, 631
List the prime factors of 18626.
2, 67, 139
What are the prime factors of 2008?
2, 251
What are the prime factors of 2650?
2, 5, 53
What are the prime factors of 56991?
3, 11, 157
What are the prime factors of 27092?
2, 13, 521
What are the prime factors of 574?
2, 7, 41
What are the prime factors of 325?
5, 13
What are the prime factors of 16577?
11, 137
List the prime factors of 5630.
2, 5, 563
What are the prime factors of 435?
3, 5, 29
What are the prime factors of 4048?
2, 11, 23
What are the prime factors of 7252?
2, 7, 37
List the prime factors of 7296.
2, 3, 19
List the prime factors of 72655.
5, 11, 1321
List the prime factors of 54712.
2, 7, 977
What are the prime factors of 84?
2, 3, 7
What are the prime factors of 14902?
2, 7451
List the prime factors of 22925.
5, 7, 131
List the prime factors of 403.
13, 31
List the prime factors of 96877.
11, 8807
What are the prime factors of 40137?
3, 17, 787
List the prime factors of 28536.
2, 3, 29, 41
List the prime factors of 1282.
2, 641
List the prime factors of 1457.
31, 47
List the prime factors of 47670.
2, 3, 5, 7, 227
List the prime factors of 624.
2, 3, 13
What are the prime factors of 658?
2, 7, 47
List the prime factors of 31427.
11, 2857
What are the prime factors of 43585?
5, 23, 379
List the prime factors of 6211.
6211
What are the prime factors of 466?
2, 233
What are the prime factors of 637?
7, 13
What are the prime factors of 47545?
5, 37, 257
What are the prime factors of 195?
3, 5, 13
What are the prime factors of 76258?
2, 7, 13, 419
List the prime factors of 23838.
2, 3, 29, 137
What are the prime factors of 2987?
29, 103
What are the prime factors of 2152?
2, 269
List the prime factors of 1131.
3, 13, 29
What are the prime factors of 992?
2, 31
List the prime factors of 2751.
3, 7, 131
List the prime factors of 16963.
16963
What are the prime factors of 48531?
3, 7, 2311
What are the prime factors of 2711?
2711
What are the prime factors of 6317?
6317
List the prime factors of 962.
2, 13, 37
List the prime factors of 343.
7
List the prime factors of 32465.
5, 43, 151
What are the prime factors of 98084?
2, 7, 31, 113
What are the prime factors of 1659?
3, 7, 79
What are the prime factors of 1146?
2, 3, 191
What are the prime factors of 1133?
11, 103
List the prime factors of 845.
5, 13
What are the prime factors of 15168?
2, 3, 79
List the prime factors of 1010.
2, 5, 101
What are the prime factors of 5089?
7, 727
What are the prime factors of 129752?
2, 7, 331
List the prime factors of 1796.
2, 449
List the prime factors of 10519.
67, 157
What are the prime factors of 8591?
11, 71
What are the prime factors of 911?
911
What are the prime factors of 539?
7, 11
What are the prime factors of 24944?
2, 1559
List the prime factors of 6588.
2, 3, 61
What are the prime factors of 4106?
2, 2053
List the prime factors of 53968.
2, 3373
What are the prime factors of 2701?
37, 73
What are the prime factors of 969?
3, 17, 19
List the prime factors of 1126.
2, 563
What are the prime factors of 5643?
3, 11, 19
What are the prime factors of 66622?
2, 33311
What are the prime factors of 40765?
5, 31, 263
List the prime factors of 1546.
2, 773
List the prime factors of 5027.
11, 